13 - 23 = 0. Let s(x) = -x**3 - 5*x**2 - 4*x + 6. Determine s(a).
26
Let d(l) = 13 + 0 - l - l - 19 + 3*l. What is d(5)?
-1
Let d(c) = -2*c. Let o(n) be the second derivative of 0 + 13/2*n**2 - n + 1/6*n**3. Let t be o(-11). Give d(t).
-4
Let c = -716 + 733. Let y(p) = -2*p + 25. Calculate y(c).
-9
Let o(q) be the second derivative of -q**5/60 + q**4/3 - 5*q**3/6 + 8*q**2 + 24*q. Let r(h) be the first derivative of o(h). Determine r(5).
10
Let x(s) = -8 - 2*s - 4 + 3*s. Let t = 78 + -90. Let b(f) = f**2 + 12*f. Let p be b(t). Determine x(p).
-12
Let z(a) = -6*a**3 - a**2 + 2*a + 3. Let x be z(-1). Let j(o) = -o**3 + 7*o**2 - 7*o - 1. Determine j(x).
-7
Let g(h) = -2*h + 4. Let r(f) = -f + 4. Let j(k) = g(k) - 4*r(k). Give j(6).
0
Let p(f) be the first derivative of f + 0*f**2 - 4/3*f**3 - 22. Determine p(-1).
-3
Let h(i) = i**2 + 68*i**3 - i - 67*i**3 + 0*i**2 - 1. Let l be h(-1). Let m = -2 + l. Let q(d) = d + 2. What is q(m)?
0
Suppose -12*k = 429 - 405. Let l(c) = -2*c**3 - c**2 + c + 4. What is l(k)?
14
Let y(n) be the third derivative of -n**6/120 + n**5/12 - n**4/24 + n**3/6 + 166*n**2 + n. What is y(5)?
-4
Let s(t) be the first derivative of -t**4/4 - 2*t**3/3 + t**2/2 + t - 3. Let h(u) = -u**3 + 13*u**2 + 15*u - 16. Let z be h(14). Let f be z/1 - 2/2. Give s(f).
7
Suppose -24*b = -8*b + 16. Let h(u) = -11*u**3 + 6*u**2 - 6*u - 6. Let g(l) = -100*l**3 + 55*l**2 - 55*l - 55. Let o(s) = 6*g(s) - 55*h(s). Determine o(b).
-5
Suppose 81*p - 154*p = -85*p + 72. Let s(l) be the first derivative of l**4/4 - 7*l**3/3 + 2*l**2 - 2*l + 1. Determine s(p).
-14
Let k(b) = b**3 + 9*b**2 - 11*b - 13. Let a be k(-10). Let o = a - -5. Let h(n) = -3*n**2 + 2. What is h(o)?
-10
Let r(u) be the first derivative of -u**3/3 - 13*u**2/2 + 17*u - 222. Determine r(-15).
-13
Suppose 3*b - b + 3*f - 7 = 0, -3*b + 2*f + 30 = 0. Suppose -2*w - 2 = b. Let g(d) be the second derivative of -d**4/12 - d**3/3 + d**2 - 114*d. Calculate g(w).
-13
Suppose 4*u - 2*a - 20 - 14 = 0, 29 = 4*u + 3*a. Let p(l) = -l - 5. Calculate p(u).
-13
Let f(g) = g**3 - g**2 - g. Let x be f(0). Let l = 3 + -1. Let y(t) = 0*t**2 - 1 + x*t**2 - 7*t**3 + 2*t + 8*t**3 - l*t**2. Determine y(1).
0
Let p(t) = -2*t**2 - 29*t - 20. Let y(n) = n**2 + 15*n + 10. Let x(s) = 4*p(s) + 7*y(s). Let k be 3 + (-37)/12 + (-2850)/360. Determine x(k).
14
Let g(b) = 3*b**3 + 17*b**2 - 5*b + 16. Let z(t) = -2*t**3 - 9*t**2 + 2*t - 9. Let d(h) = -3*g(h) - 5*z(h). Let s be (-2)/(-1)*(-20)/(-8). What is d(s)?
-3
Let d(c) be the third derivative of c**4/12 + 2*c**3/3 + 34*c**2. Determine d(3).
10
Let f(r) = r**2 - 6*r. Suppose -6*m + m = 10. Let i be (-48)/6*m/4. Suppose b - i*z = 12, -b + 4 = -3*z - 6. Give f(b).
-8
Let f(x) = x - 6. Let z be f(6). Let y(a) = -a**2 - a + 10. Let b(u) = 2*u + 3*u**2 - 20 + u**2 - 2*u**2 + 0*u**2. Let t(m) = -6*b(m) - 11*y(m). Determine t(z).
10
Suppose -b = -w - 13, -2*w = b + 17 - 6. Let p(m) = m**3 + 9*m**2 + 8*m + 2. Let k be p(w). Let q(i) = 6*i**2 + i**2 - 2 - 2*i - i**k - 3*i**2. Give q(2).
6
Let g(r) = -3*r + 3. Suppose v + 4*f + 5 = f, 5*v + 3 = -4*f. Suppose 6 + v = 5*w - 2*m, 2*m + 2 = 0. Let o be (10/(-30))/(w/9). Give g(o).
12
Let l(k) = k**2 + 27*k + 28. Let c be -6 - 60/(1 + 2). What is l(c)?
2
Let c(j) = 2*j**3 - 9*j**2 + 5*j + 15. Let w(l) = -3*l**3 + 17*l**2 - 10*l - 29. Let i(u) = 5*c(u) + 3*w(u). What is i(-6)?
18
Let q = 52 - 60. Let w(k) = k**3 + 8*k**2 + 6. Let s be w(q). Let i(t) = t**2 - 7*t + 1. Give i(s).
-5
Let m(b) be the third derivative of 1/2*b**3 + 0 + 0*b - 1/8*b**4 + 24*b**2. Determine m(6).
-15
Let n(a) be the second derivative of a**4/6 + a**3/6 - 17*a**2/2 + a + 31. Give n(0).
-17
Let g(z) = 7 + 18 - 22 + 6*z + 1. Determine g(-5).
-26
Let t(k) = k**3 + 4*k**2 - k - 6. Let x be t(-3). Let j(z) = 5*z + z**2 - 5*z + 4*z + x + 4*z. What is j(-6)?
-6
Let m(q) = 3*q**3 - 4*q**2 + 2*q - 4. Let f = -1241 - -1243. What is m(f)?
8
Let c(a) = -a**2 - a + 2. Suppose y - 3 = 0, 3*y = -2*h + 5*y - 30. Let w = h - -10. Determine c(w).
0
Let k(i) = -i**3 + 5*i**2 - 3*i. Suppose -15*q + 86 = 26. Calculate k(q).
4
Let o(k) be the first derivative of k**4/4 + 14*k**3/3 + 6*k**2 - 10*k - 154. Determine o(-13).
3
Let q(r) = -r + 1. Let c be ((-8)/((-16)/4))/2. Let h(z) = 2*z - 3. Let s(f) = c*h(f) + 4*q(f). Suppose 15*b - 99 = -24. Calculate s(b).
-9
Let x(h) = -4*h + 39. Let s be x(11). Let c(v) be the first derivative of v**2/2 + 6*v + 4. Determine c(s).
1
Suppose -34 + 9 = 5*o. Let i(x) be the second derivative of -x**4/12 - x**3/6 + 2*x**2 - 47*x + 1. What is i(o)?
-16
Let o(z) = -22*z - 5. Let u(w) = -w - 1. Let j(r) = o(r) - u(r). Let x(f) = -43*f - 7. Let c(t) = -5*j(t) + 3*x(t). Give c(1).
-25
Let j(v) be the third derivative of v**6/60 + v**5/30 + v**3/6 + 23*v**2 - 2. Calculate j(-2).
-7
Let l(x) = x - 12. Let m be l(6). Suppose 4*v = -v + 35. Let f(h) = -v*h - h**2 - 5 - 15 + 12. Give f(m).
-2
Let f(h) = 2*h - 1. Suppose 0 - 36 = -3*m. Let w be 16/(-10)*(-30)/m. Suppose w*c = -0*c - 8. Give f(c).
-5
Let x(u) = 2*u + 2. Suppose 0 = 3*t + 7 - 1. Let b be 8 + -5 + 22/t. Let n = 11 + b. Calculate x(n).
8
Let j(g) = 2*g**2 - g + 1. Let k(s) = 5*s**2 - 3*s - 5. Let m(l) = -2*j(l) + k(l). Let x = 2 - 23. Let d be 6/x - (-2)/7. Calculate m(d).
-7
Suppose 0 = -14*g - 39 - 45. Let c(o) = -o**2 - 4*o - 3. Determine c(g).
-15
Let a(o) = o - 8. Suppose 2 = 2*f + 4*k, f - 10 = 2*k + 7. Suppose 0 = -0*z + f*z. Determine a(z).
-8
Let r be (-4)/18 + 166/18. Suppose r*t = 11*t - 12. Let v(l) = l - 5. Calculate v(t).
1
Let o(g) = -2*g. Suppose 2*v + 5*i + 7 = 4*i, 0 = -5*v - i - 13. Let p be v*1/(-2)*-5. Determine o(p).
10
Suppose 8 = -u + 2*s + 6, -4*u - 2*s = 8. Let g(k) = -19*k - 1. Calculate g(u).
37
Let l(r) be the first derivative of 2*r**3/3 - 19*r**2/2 + 357. Calculate l(10).
10
Let c(n) be the third derivative of 1/24*n**4 + 1/6*n**3 + 4*n**2 + 0 + 0*n - 17/60*n**5. Determine c(-1).
-17
Let u(v) be the first derivative of 4*v + 17 - 7*v**2 + v**2 + 0*v**2 + 7*v**2. What is u(-7)?
-10
Suppose 7 - 5 = d. Let l(b) = b**2 - 8*b + 4. Let h(g) = 2*g**2 - 17*g + 8. Let w(y) = d*h(y) - 5*l(y). Let t = -2 - -5. Determine w(t).
5
Suppose -2*i - c + 7 + 4 = 0, -4*i - 4*c = -28. Let l(o) = -6 + 0*o**2 + i*o**2 - 5*o**2 - 9. Give l(0).
-15
Let d(t) = -t**3 - t**2 + 3*t - 3. Let i be 4/5 - 52/65. Suppose i - 16 = -8*o. What is d(o)?
-9
Let a(m) be the third derivative of -m**6/360 + m**5/60 + m**4/6 + 7*m**3/6 - 6*m**2. Let g(q) be the first derivative of a(q). Give g(-3).
-11
Let o(g) = 0*g + 6 - 12*g + g**2 + 2*g. Let m(l) = -l**2 + 11*l - 7. Suppose -20 = -4*j - u, 2*u + 32 = 2*j + 2*j. Let i(d) = j*o(d) + 5*m(d). Determine i(6).
7
Let p = 29 + 40. Let u = 15 - 27. Let c be p/u + 3/(-12). Let v(f) = f**2 + 7*f + 7. Determine v(c).
1
Let i(g) = -g**2 + 4*g + 4. Let n be 0 - -1 - (5 + -8). Let f(c) = 15 + c**2 - 4 - 6 + n*c - 3*c. Let r be f(0). Give i(r).
-1
Let o = -23 - -12. Let h = -9 - o. Let x(z) = 5 - z**3 + h*z - 15 + 7 + 1 + 4*z**2. Determine x(4).
6
Let w = 52 + -50. Let u(b) = 8*b - 3 + 7*b**w - 3*b**2 - 2*b**2 - b**3 + b**2. Calculate u(5).
-13
Let g(x) = -30*x - 240. Let y be g(-8). Let v(f) be the third derivative of 0*f + 1/120*f**6 - 1/24*f**4 + y + 4*f**2 + 0*f**3 + 1/30*f**5. Determine v(-3).
-6
Let p(j) = j**3 - 2*j. Let w(b) = -4*b**2 + 4*b + 6. Let n(o) = o**2 - 1. Let r(i) = 3*n(i) + w(i). Let c be r(5). Give p(c).
-4
Let h = -1338 - -1344. Let r(j) = -5*j + 32. Calculate r(h).
2
Let o(y) = y**2 + y + 2. Let g(j) be the third derivative of -j**5/60 + 11*j**4/24 - 2*j**3 - 2*j**2. Let i = -9 + 19. Let b be g(i). Determine o(b).
4
Let m(t) = 1. Let j(o) = o**3 + o**2 + o + 5. Let z(l) = -j(l) + 4*m(l). Suppose 2*c + 9 = 5*c. Suppose c*b = 7*b. Determine z(b).
-1
Let u(f) be the second derivative of f**4/12 - 5*f**3/3 - 5*f**2 + 2*f - 11. Calculate u(10).
-10
Let i(h) be the second derivative of h**4/3 + h**3/3 + h**2/2 - h. Let a(n) = -n**2 - 14*n - 10. Let d be a(-14). Let l be 12/(-2) + d/(-2). Give i(l).
3
Let y be 2/(-6)*3 + 8. Suppose -63 = y*o - 28. Let k(c) = c**2 + 5*c - 2. What is k(o)?
-2
Let l(n) = 2*n - 7. Suppose -6 = -3*g + 3*u, 2*u + 4 = -2*g + 6*g. Determine l(g).
-7
Let w(g) = -8*g**2. Let u be 5*(-6)/(-270)*9. What is w(u)?
-8
Suppose 25 -